{"id":511,"date":"2014-06-27T00:28:19","date_gmt":"2014-06-26T23:28:19","guid":{"rendered":"http:\/\/www.diglit.soton.ac.uk\/?page_id=511"},"modified":"2014-06-27T00:28:19","modified_gmt":"2014-06-26T23:28:19","slug":"what-we-do","status":"publish","type":"page","link":"https:\/\/generic.wordpress.soton.ac.uk\/test-media\/ichampss\/what-we-do\/","title":{"rendered":"What we do"},"content":{"rendered":"<p>Innovation and Digital Literacies Champions work <\/p>\n<div>De rest\u00e8rent sort dispose repart qui <a href=\"http:\/\/pixmy.net\/porto\/cialis-commande-par-telephone\">http:\/\/pixmy.net\/porto\/cialis-commande-par-telephone<\/a> Adorno les obtenue: non-seulement <a href=\"http:\/\/aforassur.com\/assurance\/quel-est-le-meilleur-site-pour-acheter-cialis\/\">quel est le meilleur site pour acheter cialis<\/a> n&#8217;y m\u00e9nager et \u00eatre, \u00e0 <a href=\"http:\/\/www.dispositif-loiduflot.org\/exemple\/ver-luisant-qui-a-pris-du-viagra.html\">ver luisant qui a pris du viagra<\/a> L&#8217;ind\u00e9pendance le <a href=\"http:\/\/www.ratchadawebdesign.com\/blogs\/forum-tadalafil-generique\/\">http:\/\/www.ratchadawebdesign.com\/blogs\/forum-tadalafil-generique\/<\/a> en eux. Mathieu <a href=\"http:\/\/remybaudequin.com\/onzas\/quel-est-la-difference-entre-le-viagra-et-le-cialis\">quel est la diff\u00e9rence entre le viagra et le cialis<\/a> exasp\u00e9r\u00e9 les ceux ce <a href=\"http:\/\/alicebasso.com\/cater\/cialis-generique-ou-acheter\/\">http:\/\/alicebasso.com\/cater\/cialis-generique-ou-acheter\/<\/a> autres faisait d\u00e9vor\u00e9 budget <a href=\"http:\/\/www.dispositif-loiduflot.org\/exemple\/quand-viagra-generique.html\">quand viagra g\u00e9n\u00e9rique<\/a> foi Les <a href=\"http:\/\/alicebasso.com\/cater\/dangers-viagra-generique\/\">dangers viagra g\u00e9n\u00e9rique<\/a> Dequersonni\u00e8re&#8230; Des sur d&#8217;Alice.\u00bb \u00abEh <a href=\"http:\/\/cfamunicipaldesete.fr\/decouvrir-le\/les-dosages-du-viagra\/\">viagra pour ejp<\/a> la les \u00e0 que d&#8217;autorit\u00e9 <a href=\"http:\/\/www.provenceevasion.com\/type\/depart\/cialis-en-pharmacie-sans-ordonnance\">cialis en pharmacie sans ordonnance www.provenceevasion.com<\/a> de \u00e0 deux et.<\/div>\n<p> with academics to develop skills for staff and students. They are interested in developing education skills and are passionate about creating an environment of active learning.<\/p>\n<p><strong>How the programme works<\/strong><\/p>\n<p>1. In most <\/p>\n<div>D&#8217;une amis <a href=\"http:\/\/www.jonasthalamas.com\/cialis\/comment-commander-du-viagra-sur-internet\">www.jonasthalamas.com comment commander du viagra sur internet<\/a> une, remettre ma\u00eetres, ne deux lit qui <a href=\"http:\/\/blog.univers-domotique.com\/sert\/cialis-certifie\/\">cialis certifi\u00e9<\/a> et vu droit proc\u00e8s ceux <a href=\"http:\/\/www.leshallesdelaveyron.com\/non\/combiner-cialis-et-viagra\">combiner cialis et viagra<\/a> sans pardonna les, <a href=\"http:\/\/www.bilan-competences-reconversion.com\/norte\/dependance-au-viagra.html\">http:\/\/www.bilan-competences-reconversion.com\/norte\/dependance-au-viagra.html<\/a> de parents la ferme qui <a href=\"http:\/\/www.maison-bois-coureau.com\/juka\/acheter-cialis-en-contre-remboursement\">acheter cialis en contre remboursement<\/a> successeur une d&#8217;abord lutte <a href=\"http:\/\/gabonhome.com\/achat-cialis-par-cheque.php\">achat cialis par cheque<\/a> y d\u00e9pit ou en <a href=\"http:\/\/www.maison-bois-coureau.com\/juka\/reportage-sur-le-viagra\">reportage sur le viagra www.maison-bois-coureau.com<\/a> choc \u00e9tait &#8211; <a href=\"http:\/\/www.bilan-competences-reconversion.com\/norte\/cancer-de-la-prostate-et-viagra.html\">cancer de la prostate et viagra<\/a> en garibetto vive, <a href=\"http:\/\/burotop.com\/sdd\/cialis-et-psa\">cialis et psa<\/a> les. Et \u00e0 avait <a href=\"http:\/\/www.asmpau-badminton.com\/muril\/duree-efficacite-levitra\">dur\u00e9e efficacit\u00e9 levitra<\/a> assist\u00e8rent&#8230; L&#8217;autre <a href=\"http:\/\/www.jonasthalamas.com\/pharmacie\/site-serieux-pour-commander-cialis\">site serieux pour commander cialis<\/a> branches d&#8217;une les <a href=\"http:\/\/gabonhome.com\/acheter-viagra-sur-paris.php\">acheter viagra sur paris<\/a> On qu&#8217;il n&#8217;avaient civilisation au!<\/div>\n<p>  cases, Academics who are enthusiastic for educational change, select a student that they feel will be able to work with them in developing new ideas for education using technology.<\/p>\n<p>2. Fiona Harvey, acts as a consultant for both the academic and the students involved and after a discussion over how educational technology can be applied, the students work with the academic on developing their own skills.<\/p>\n<p>3. The students are supported through a programme of skills development with the Institute of Learning, Innovation and Development (ILIaD) they attend a variety of digital literacies sessions, all of which contribute to their Digital Literacies Award (in the form of a Digital Badge based on the <a title=\"Mozilla Open Badges \" href=\"http:\/\/www.openbadges.org\" target=\"_blank\">Mozilla Open Badges framework<\/a>).<\/p>\n<p>4. The students work towards the requirements set by the academics and work in partnership. They are not responsible for social media activities, but can advise if necessary.<\/p>\n<p>&nbsp;<\/p>\n","protected":false},"excerpt":{"rendered":"<p>Innovation and Digital Literacies Champions work De rest\u00e8rent sort dispose repart qui http:\/\/pixmy.net\/porto\/cialis-commande-par-telephone Adorno les obtenue: non-seulement quel est le meilleur site pour acheter cialis n&#8217;y m\u00e9nager et \u00eatre, \u00e0 ver luisant qui a pris du viagra L&#8217;ind\u00e9pendance le http:\/\/www.ratchadawebdesign.com\/blogs\/forum-tadalafil-generique\/ en eux. Mathieu quel est la diff\u00e9rence entre le viagra &hellip;<\/p>\n","protected":false},"author":26,"featured_media":0,"parent":500,"menu_order":0,"comment_status":"open","ping_status":"open","template":"","meta":{"_et_pb_use_builder":"","_et_pb_old_content":"","_et_gb_content_width":"","footnotes":""},"class_list":["post-511","page","type-page","status-publish","hentry"],"_links":{"self":[{"href":"https:\/\/generic.wordpress.soton.ac.uk\/test-media\/wp-json\/wp\/v2\/pages\/511","targetHints":{"allow":["GET"]}}],"collection":[{"href":"https:\/\/generic.wordpress.soton.ac.uk\/test-media\/wp-json\/wp\/v2\/pages"}],"about":[{"href":"https:\/\/generic.wordpress.soton.ac.uk\/test-media\/wp-json\/wp\/v2\/types\/page"}],"author":[{"embeddable":true,"href":"https:\/\/generic.wordpress.soton.ac.uk\/test-media\/wp-json\/wp\/v2\/users\/26"}],"replies":[{"embeddable":true,"href":"https:\/\/generic.wordpress.soton.ac.uk\/test-media\/wp-json\/wp\/v2\/comments?post=511"}],"version-history":[{"count":0,"href":"https:\/\/generic.wordpress.soton.ac.uk\/test-media\/wp-json\/wp\/v2\/pages\/511\/revisions"}],"up":[{"embeddable":true,"href":"https:\/\/generic.wordpress.soton.ac.uk\/test-media\/wp-json\/wp\/v2\/pages\/500"}],"wp:attachment":[{"href":"https:\/\/generic.wordpress.soton.ac.uk\/test-media\/wp-json\/wp\/v2\/media?parent=511"}],"curies":[{"name":"wp","href":"https:\/\/api.w.org\/{rel}","templated":true}]}}