{"id":17,"date":"2017-06-19T11:55:13","date_gmt":"2017-06-19T10:55:13","guid":{"rendered":"http:\/\/generic.wordpress.soton.ac.uk\/mags2018\/?page_id=17"},"modified":"2021-04-12T21:23:34","modified_gmt":"2021-04-12T20:23:34","slug":"sponsors","status":"publish","type":"page","link":"https:\/\/generic.wordpress.soton.ac.uk\/mags\/?page_id=17","title":{"rendered":"Sponsors"},"content":{"rendered":"<p><strong>The Maritime Archaeology Graduate Symposium (MAGS)<\/strong> is generously funded by <strong><a href=\"https:\/\/www.univ-amu.fr\/en\/arkaia\">ARKAIA<\/a><\/strong> &#8211; Institut d\u2019Arch\u00e9ologie M\u00e9diterran\u00e9enne &#8211; Aix-Marseille University\u00a0and <strong><a href=\"http:\/\/honorfrostfoundation.org\/\">The Honor Frost Foundation .<\/a><\/strong><\/p>\n<p><img loading=\"lazy\" decoding=\"async\" class=\"size-medium wp-image-850 aligncenter\" src=\"http:\/\/generic.wordpress.soton.ac.uk\/mags\/wp-content\/uploads\/sites\/210\/2021\/04\/ARKEA-LOGO-300x117.jpg\" alt=\"\" width=\"300\" height=\"117\" srcset=\"https:\/\/generic.wordpress.soton.ac.uk\/mags\/wp-content\/uploads\/sites\/210\/2021\/04\/ARKEA-LOGO-300x117.jpg 300w, https:\/\/generic.wordpress.soton.ac.uk\/mags\/wp-content\/uploads\/sites\/210\/2021\/04\/ARKEA-LOGO.jpg 391w\" sizes=\"auto, (max-width: 300px) 100vw, 300px\" \/><\/p>\n<p class=\"alignnone\">\n<p><img loading=\"lazy\" decoding=\"async\" class=\"wp-image-8 aligncenter\" src=\"http:\/\/generic.wordpress.soton.ac.uk\/mags2018\/wp-content\/uploads\/sites\/210\/2017\/06\/HFF.jpg\" alt=\"HFF\" width=\"175\" height=\"173\" \/><\/p>\n","protected":false},"excerpt":{"rendered":"<p>The Maritime Archaeology Graduate Symposium (MAGS) is generously funded by ARKAIA &#8211; Institut d\u2019Arch\u00e9ologie M\u00e9diterran\u00e9enne &#8211; Aix-Marseille University\u00a0and The Honor Frost Foundation .<\/p>\n","protected":false},"author":308,"featured_media":0,"parent":0,"menu_order":0,"comment_status":"closed","ping_status":"closed","template":"","meta":{"footnotes":""},"class_list":["post-17","page","type-page","status-publish","hentry"],"jetpack_sharing_enabled":true,"jetpack_shortlink":"https:\/\/wp.me\/P8R1qG-h","_links":{"self":[{"href":"https:\/\/generic.wordpress.soton.ac.uk\/mags\/index.php?rest_route=\/wp\/v2\/pages\/17","targetHints":{"allow":["GET"]}}],"collection":[{"href":"https:\/\/generic.wordpress.soton.ac.uk\/mags\/index.php?rest_route=\/wp\/v2\/pages"}],"about":[{"href":"https:\/\/generic.wordpress.soton.ac.uk\/mags\/index.php?rest_route=\/wp\/v2\/types\/page"}],"author":[{"embeddable":true,"href":"https:\/\/generic.wordpress.soton.ac.uk\/mags\/index.php?rest_route=\/wp\/v2\/users\/308"}],"replies":[{"embeddable":true,"href":"https:\/\/generic.wordpress.soton.ac.uk\/mags\/index.php?rest_route=%2Fwp%2Fv2%2Fcomments&post=17"}],"version-history":[{"count":5,"href":"https:\/\/generic.wordpress.soton.ac.uk\/mags\/index.php?rest_route=\/wp\/v2\/pages\/17\/revisions"}],"predecessor-version":[{"id":880,"href":"https:\/\/generic.wordpress.soton.ac.uk\/mags\/index.php?rest_route=\/wp\/v2\/pages\/17\/revisions\/880"}],"wp:attachment":[{"href":"https:\/\/generic.wordpress.soton.ac.uk\/mags\/index.php?rest_route=%2Fwp%2Fv2%2Fmedia&parent=17"}],"curies":[{"name":"wp","href":"https:\/\/api.w.org\/{rel}","templated":true}]}}