{"id":203,"date":"2015-10-18T22:20:37","date_gmt":"2015-10-18T21:20:37","guid":{"rendered":"http:\/\/generic.wordpress.soton.ac.uk\/ditchedenclosures\/?page_id=203"},"modified":"2016-01-30T15:47:01","modified_gmt":"2016-01-30T15:47:01","slug":"neolithic-enclosures-other-elements-knowlton","status":"publish","type":"page","link":"https:\/\/generic.wordpress.soton.ac.uk\/ditchedenclosures\/what-is-a-ditched-enclosure\/neolithic-enclosures-other-elements-knowlton\/","title":{"rendered":"Other elements at Neolithic ditched enclosures"},"content":{"rendered":"<figure id=\"attachment_412\" aria-describedby=\"caption-attachment-412\" style=\"width: 1333px\" class=\"wp-caption aligncenter\"><a href=\"http:\/\/generic.wordpress.soton.ac.uk\/ditchedenclosures\/wp-content\/blogs.dir\/sites\/71\/2015\/10\/Marroquies-ditch-wall-occupation_floor3.png\"><img loading=\"lazy\" decoding=\"async\" class=\"wp-image-412 size-full\" src=\"http:\/\/generic.wordpress.soton.ac.uk\/ditchedenclosures\/wp-content\/blogs.dir\/sites\/71\/2015\/10\/Marroquies-ditch-wall-occupation_floor3.png\" alt=\"Drawing of a Wall and occupation floor in the proximity of a Copper Age ditch at Marroqu\u00edes Bajos (Ja\u00e9n, Spain). Situations like this are not that uncommon at other Iberian enclosures.\" width=\"1333\" height=\"444\" srcset=\"https:\/\/generic.wordpress.soton.ac.uk\/ditchedenclosures\/wp-content\/blogs.dir\/sites\/71\/2015\/10\/Marroquies-ditch-wall-occupation_floor3.png 1333w, https:\/\/generic.wordpress.soton.ac.uk\/ditchedenclosures\/wp-content\/blogs.dir\/sites\/71\/2015\/10\/Marroquies-ditch-wall-occupation_floor3-300x100.png 300w, https:\/\/generic.wordpress.soton.ac.uk\/ditchedenclosures\/wp-content\/blogs.dir\/sites\/71\/2015\/10\/Marroquies-ditch-wall-occupation_floor3-1024x341.png 1024w, https:\/\/generic.wordpress.soton.ac.uk\/ditchedenclosures\/wp-content\/blogs.dir\/sites\/71\/2015\/10\/Marroquies-ditch-wall-occupation_floor3-200x67.png 200w, https:\/\/generic.wordpress.soton.ac.uk\/ditchedenclosures\/wp-content\/blogs.dir\/sites\/71\/2015\/10\/Marroquies-ditch-wall-occupation_floor3-700x233.png 700w\" sizes=\"auto, (max-width: 1333px) 100vw, 1333px\" \/><\/a><figcaption id=\"caption-attachment-412\" class=\"wp-caption-text\">Wall and occupation floor in the proximity of a Copper Age ditch at Marroqu\u00edes Bajos (Ja\u00e9n, Spain). Copyright \u00a9 V\u00edctor Jim\u00e9nez J\u00e1imez 2015 &#8211; Creative Commons Attribution 4.0 International (CC BY 4.0). Modified from figure 5 in Zafra et al. 1999. Una macro-aldea en el origen del modo de vida campesino: Marroqu\u00edes Bajos (Ja\u00e9n) c. 2500-2000 cal. ANE. Trabajos de Prehistoria 56 (1): 77-102.<\/figcaption><\/figure>\n<p style=\"text-align: justify\">Neolithic ditched enclosures can include elements that go beyond the simple combination of ditches, banks or palisades. Here the diversity is notable, perhaps suggesting a degree of variability in the use and meaning of individual places. Occasionally, circular or rectangular houses have been discovered in and around certain ditched enclosures. At times, other kinds of monuments, normally associated with funerary practices, such as megalithic passage graves, were erected in close proximity to ditched enclosures, particularly in areas like Southern Iberia. Also in Southern Iberia we may find examples where lines of stone masonry walls forming enclosures themselves were added to ditched enclosures. But by far the most common feature besides ditches, banks and palisades is the pit. Most ditched enclosures show at least a few pits within the enclosed area or in its surroundings. At certain sites the number of pits is very high, in the range of hundreds or even thousands.<\/p>\n<figure id=\"attachment_418\" aria-describedby=\"caption-attachment-418\" style=\"width: 500px\" class=\"wp-caption aligncenter\"><a href=\"http:\/\/generic.wordpress.soton.ac.uk\/ditchedenclosures\/wp-content\/blogs.dir\/sites\/71\/2015\/10\/Ditch-on-surface.png\"><img loading=\"lazy\" decoding=\"async\" class=\"wp-image-418\" src=\"http:\/\/generic.wordpress.soton.ac.uk\/ditchedenclosures\/wp-content\/blogs.dir\/sites\/71\/2015\/10\/Ditch-on-surface-1024x768.png\" alt=\"Photo of Two parallel prehistoric ditches evidencing the presence of at least two ditched enclosures at the site (in the background), and pits (in the foreground), at Valencina de la Concepci\u00f3n (Sevilla, Spain)\" width=\"500\" height=\"375\" srcset=\"https:\/\/generic.wordpress.soton.ac.uk\/ditchedenclosures\/wp-content\/blogs.dir\/sites\/71\/2015\/10\/Ditch-on-surface-1024x768.png 1024w, https:\/\/generic.wordpress.soton.ac.uk\/ditchedenclosures\/wp-content\/blogs.dir\/sites\/71\/2015\/10\/Ditch-on-surface-300x225.png 300w, https:\/\/generic.wordpress.soton.ac.uk\/ditchedenclosures\/wp-content\/blogs.dir\/sites\/71\/2015\/10\/Ditch-on-surface-200x150.png 200w, https:\/\/generic.wordpress.soton.ac.uk\/ditchedenclosures\/wp-content\/blogs.dir\/sites\/71\/2015\/10\/Ditch-on-surface-700x525.png 700w, https:\/\/generic.wordpress.soton.ac.uk\/ditchedenclosures\/wp-content\/blogs.dir\/sites\/71\/2015\/10\/Ditch-on-surface.png 1361w\" sizes=\"auto, (max-width: 500px) 100vw, 500px\" \/><\/a><figcaption id=\"caption-attachment-418\" class=\"wp-caption-text\">Two parallel prehistoric ditches (in the background) and pits (in the foreground), at Valencina de la Concepci\u00f3n (Sevilla, Spain). Copyright \u00a9 J.M. Vargas Jim\u00e9nez et alii 2012 &#8211; Creative Commons (CC BY-NC-ND) 3.0 Unported. Initially published as L\u00e1m. 3 at Vargas Jim\u00e9nez, J.M.; Meyer, C.; Ortega Gordillo, M. 2012. El tholos de La Pastora y su entorno: el sector oriental del yacimiento de Valencina de la Concepci\u00f3n (Sevilla) a trav\u00e9s de la geof\u00edsica. Menga, Revista de Prehistoria de Andaluc\u00eda, 3: 121-138.<\/figcaption><\/figure>\n<p style=\"text-align: justify\">The nature of pit fillings is in many instances <a href=\"http:\/\/generic.wordpress.soton.ac.uk\/ditchedenclosures\/what\/what-is-a-ditched-enclosure-ditches\/\">similar to that of ditches<\/a>: cultural and natural material remains contained within a matrix of soil, including, but not limited to, animals and human bones, ceramic sherds, flint tools and knapping waste, ash and organic material, etc.<\/p>\n<figure id=\"attachment_420\" aria-describedby=\"caption-attachment-420\" style=\"width: 500px\" class=\"wp-caption aligncenter\"><a href=\"http:\/\/generic.wordpress.soton.ac.uk\/ditchedenclosures\/wp-content\/blogs.dir\/sites\/71\/2015\/10\/Depositions-Animals-Martos_2.png\"><img loading=\"lazy\" decoding=\"async\" class=\"wp-image-420\" src=\"http:\/\/generic.wordpress.soton.ac.uk\/ditchedenclosures\/wp-content\/blogs.dir\/sites\/71\/2015\/10\/Depositions-Animals-Martos_2-1024x850.png\" alt=\"Drawind of a Pit containing the complete skeletal remains of a young cow and other animals (dog, ovicaprids)  at the prehistoric ditched site of Martos (Ja\u00e9n, Spain), where one or seveal ditched enclosures may have been built. Some bones of the cow showed traces of deliberate sacrifice and burial. \" width=\"500\" height=\"415\" srcset=\"https:\/\/generic.wordpress.soton.ac.uk\/ditchedenclosures\/wp-content\/blogs.dir\/sites\/71\/2015\/10\/Depositions-Animals-Martos_2-1024x850.png 1024w, https:\/\/generic.wordpress.soton.ac.uk\/ditchedenclosures\/wp-content\/blogs.dir\/sites\/71\/2015\/10\/Depositions-Animals-Martos_2-300x249.png 300w, https:\/\/generic.wordpress.soton.ac.uk\/ditchedenclosures\/wp-content\/blogs.dir\/sites\/71\/2015\/10\/Depositions-Animals-Martos_2-200x166.png 200w, https:\/\/generic.wordpress.soton.ac.uk\/ditchedenclosures\/wp-content\/blogs.dir\/sites\/71\/2015\/10\/Depositions-Animals-Martos_2-700x581.png 700w, https:\/\/generic.wordpress.soton.ac.uk\/ditchedenclosures\/wp-content\/blogs.dir\/sites\/71\/2015\/10\/Depositions-Animals-Martos_2.png 1217w\" sizes=\"auto, (max-width: 500px) 100vw, 500px\" \/><\/a><figcaption id=\"caption-attachment-420\" class=\"wp-caption-text\">Pit containing the complete skeletal remains of a young cow and other animals (dog, ovicaprids) at the prehistoric ditched site of Martos (Ja\u00e9n, Spain). Some bones of the cow showed traces of deliberate sacrifice and burial. Modified from Figure 7 at Jos\u00e9 Andr\u00e9s Afonso Marrero, Juan Antonio C\u00e1mara Serrano, Liliana Spanedda, Jos\u00e9 Antonio Esquivel Guerrero, Rafael Lizcano Prestel, Crist\u00f3bal P\u00e9rez Bareas and Jos\u00e9 Antonio Riquelme Cantal. 2014. Nuevas aportaciones para la periodizaci\u00f3n del yacimiento del Polideportivo de Martos (Ja\u00e9n): la evaluaci\u00f3n estad\u00edstica de las dataciones obtenidas para contextos rituales. Archivo de Prehistoria Levantina , XXX: 133-158. Modifications consist of the removal of superimposed chronological data. Copyright \u00a9 J.A. Afonso et alii 2014 &#8211; Creative Commons Attibution-NonCommercial-ShareAlike 3.0 (CC BY-NC-SA 3.0).<\/figcaption><\/figure>\n<p style=\"text-align: justify\">One of the keys to properly understand Neolithic ditched enclosures in Europe is to determine the sequence of events that led to their formation. In other words, archaeologists need to put a lot of effort into discerning which of these elements (ditches, banks, palisades, pits, houses, walls, tombs&#8230;) were contemporary, if any, and establishing a reliable occupational sequence. Enclosures were not built in a day, and many of the features that we see today were only added when others had gone out of use. It would be a big mistake therefore to assume that, just because things appear close in space in the present, they were close in time in the past.<\/p>\n<h3 style=\"text-align: justify\">An example: the Knowlton enclosures.<\/h3>\n<figure id=\"attachment_96\" aria-describedby=\"caption-attachment-96\" style=\"width: 1936px\" class=\"wp-caption aligncenter\"><a href=\"http:\/\/generic.wordpress.soton.ac.uk\/ditchedenclosures\/wp-content\/blogs.dir\/sites\/71\/2015\/10\/Knowlton-Church_12_reduced_not_cropped.jpg\"><img loading=\"lazy\" decoding=\"async\" class=\"wp-image-96 size-full\" src=\"http:\/\/generic.wordpress.soton.ac.uk\/ditchedenclosures\/wp-content\/blogs.dir\/sites\/71\/2015\/10\/Knowlton-Church_12_reduced_not_cropped.jpg\" alt=\"Knowlton Church at dawn. An example of a later element on top of Neolithic ditched enclosures.\" width=\"1936\" height=\"1297\" srcset=\"https:\/\/generic.wordpress.soton.ac.uk\/ditchedenclosures\/wp-content\/blogs.dir\/sites\/71\/2015\/10\/Knowlton-Church_12_reduced_not_cropped.jpg 1936w, https:\/\/generic.wordpress.soton.ac.uk\/ditchedenclosures\/wp-content\/blogs.dir\/sites\/71\/2015\/10\/Knowlton-Church_12_reduced_not_cropped-300x201.jpg 300w, https:\/\/generic.wordpress.soton.ac.uk\/ditchedenclosures\/wp-content\/blogs.dir\/sites\/71\/2015\/10\/Knowlton-Church_12_reduced_not_cropped-1024x686.jpg 1024w, https:\/\/generic.wordpress.soton.ac.uk\/ditchedenclosures\/wp-content\/blogs.dir\/sites\/71\/2015\/10\/Knowlton-Church_12_reduced_not_cropped-200x134.jpg 200w, https:\/\/generic.wordpress.soton.ac.uk\/ditchedenclosures\/wp-content\/blogs.dir\/sites\/71\/2015\/10\/Knowlton-Church_12_reduced_not_cropped-700x469.jpg 700w, https:\/\/generic.wordpress.soton.ac.uk\/ditchedenclosures\/wp-content\/blogs.dir\/sites\/71\/2015\/10\/Knowlton-Church_12_reduced_not_cropped-332x222.jpg 332w\" sizes=\"auto, (max-width: 1936px) 100vw, 1936px\" \/><\/a><figcaption id=\"caption-attachment-96\" class=\"wp-caption-text\">Knowlton Church at dawn. Copyright \u00a9 Clifton Beard 2008 &#8211; Creative Commons Attribution-NonCommercial (CC BY-NC) 2.0 Generic.<\/figcaption><\/figure>\n<p style=\"text-align: justify\">The Knowlton Circles are a group of at least <a href=\"https:\/\/en.wikipedia.org\/wiki\/Knowlton_Circles\" target=\"_blank\">three Neolithic henges<\/a> in Knowlton (Dorset, United Kingdom), in the proximity of which there are also several Bronze Age round barrows. The best preserved and most famous henge of the three is enclosing a 12th century Norman church. The medieval church, obviously, was built long after the Neolithic monument was abandoned, and <strong>it had little to do with the purposes of the original Neolithic structures<\/strong>. However, it seems unlikely that the opposite holds\u00a0true: the choice of this location\u00a0for the construction of a church might have been guided in some fashion by the recognisable presence of ancient earthworks. For many, Knowlton Church\u00a0thereby represents like no other the transition from pagan to Christian ritual traditions. In any case, it is a good example of the wide variety of elements that are often added to Neolithic ditched enclosures. The sites were the subject of <a href=\"http:\/\/csweb.bournemouth.ac.uk\/knowlton\/index.htm\" target=\"_blank\">research by Bournemouth University<\/a> in the mid 1990s. Knowlton Church is <a href=\"http:\/\/www.english-heritage.org.uk\/visit\/places\/knowlton-church-and-earthworks\/\" target=\"_blank\">open to the public<\/a>.<\/p>\n\n<!-- iframe plugin v.6.0 wordpress.org\/plugins\/iframe\/ -->\n<iframe loading=\"lazy\" src=\"https:\/\/www.google.com\/maps\/embed?pb=!1m18!1m12!1m3!1d631.9130126927736!2d-1.9679704467143686!3d50.89195894611608!2m3!1f0!2f0!3f0!3m2!1i1024!2i768!4f13.1!3m3!1m2!1s0x4873bbf5572efaa3%3A0xd2b4019fd189928e!2sKnowlton+Church+and+Earthworks!5e1!3m2!1ses!2ses!4v1445123109748\" width=\"100%\" height=\"450\" frameborder=\"0\" style=\"border:0\" 0=\"allowfullscreen\" scrolling=\"yes\" class=\"iframe-class\"><\/iframe>\n\n<p style=\"text-align: right\">Next: <a href=\"http:\/\/generic.wordpress.soton.ac.uk\/ditchedenclosures\/what-is-a-ditched-enclosure\/combinations-neolithic-ditches-palisades-banks\/\">combinations<\/a><\/p>\n","protected":false},"excerpt":{"rendered":"<p>Neolithic ditched enclosures can include elements that go beyond the simple combination of ditches, banks or palisades. Here the diversity is notable, perhaps suggesting a degree of variability in the use and meaning of individual places. Occasionally, circular or rectangular houses have been discovered in and around certain ditched enclosures. &#8230;<\/p>\n","protected":false},"author":942,"featured_media":0,"parent":105,"menu_order":0,"comment_status":"closed","ping_status":"closed","template":"","meta":{"jetpack_post_was_ever_published":false,"footnotes":""},"class_list":["post-203","page","type-page","status-publish","hentry","column","onecol"],"yoast_head":"<!-- This site is optimized with the Yoast SEO plugin v27.3 - https:\/\/yoast.com\/product\/yoast-seo-wordpress\/ -->\n<title>Other\u00a0 elements at Neolithic ditched enclosures - Knowlton<\/title>\n<meta name=\"description\" content=\"Neolithic ditched enclosures can include elements that go beyond the simple combination of ditches, banks or palisades. Knowlton Cicles are used as example.\" \/>\n<meta name=\"robots\" content=\"index, follow, max-snippet:-1, max-image-preview:large, max-video-preview:-1\" \/>\n<link rel=\"canonical\" href=\"http:\/\/generic.wordpress.soton.ac.uk\/ditchedenclosures\/what-is-a-ditched-enclosure\/neolithic-enclosures-other-elements-knowlton\/\" \/>\n<meta property=\"og:locale\" content=\"en_GB\" \/>\n<meta property=\"og:type\" content=\"article\" \/>\n<meta property=\"og:title\" content=\"Other\u00a0 elements at Neolithic ditched enclosures - Knowlton\" \/>\n<meta property=\"og:description\" content=\"Neolithic ditched enclosures can include elements that go beyond the simple combination of ditches, banks or palisades. Knowlton Cicles are used as example.\" \/>\n<meta property=\"og:url\" content=\"http:\/\/generic.wordpress.soton.ac.uk\/ditchedenclosures\/what-is-a-ditched-enclosure\/neolithic-enclosures-other-elements-knowlton\/\" \/>\n<meta property=\"og:site_name\" content=\"Enclosures in Neolithic Europe\" \/>\n<meta property=\"article:modified_time\" content=\"2016-01-30T15:47:01+00:00\" \/>\n<meta property=\"og:image\" content=\"http:\/\/generic.wordpress.soton.ac.uk\/ditchedenclosures\/wp-content\/blogs.dir\/sites\/71\/2015\/10\/Marroquies-ditch-wall-occupation_floor3.png\" \/>\n<meta name=\"twitter:card\" content=\"summary_large_image\" \/>\n<meta name=\"twitter:label1\" content=\"Estimated reading time\" \/>\n\t<meta name=\"twitter:data1\" content=\"4 minutes\" \/>\n<script type=\"application\/ld+json\" class=\"yoast-schema-graph\">{\"@context\":\"https:\\\/\\\/schema.org\",\"@graph\":[{\"@type\":\"WebPage\",\"@id\":\"http:\\\/\\\/generic.wordpress.soton.ac.uk\\\/ditchedenclosures\\\/what-is-a-ditched-enclosure\\\/neolithic-enclosures-other-elements-knowlton\\\/\",\"url\":\"http:\\\/\\\/generic.wordpress.soton.ac.uk\\\/ditchedenclosures\\\/what-is-a-ditched-enclosure\\\/neolithic-enclosures-other-elements-knowlton\\\/\",\"name\":\"Other\u00a0 elements at Neolithic ditched enclosures - Knowlton\",\"isPartOf\":{\"@id\":\"https:\\\/\\\/generic.wordpress.soton.ac.uk\\\/ditchedenclosures\\\/#website\"},\"primaryImageOfPage\":{\"@id\":\"http:\\\/\\\/generic.wordpress.soton.ac.uk\\\/ditchedenclosures\\\/what-is-a-ditched-enclosure\\\/neolithic-enclosures-other-elements-knowlton\\\/#primaryimage\"},\"image\":{\"@id\":\"http:\\\/\\\/generic.wordpress.soton.ac.uk\\\/ditchedenclosures\\\/what-is-a-ditched-enclosure\\\/neolithic-enclosures-other-elements-knowlton\\\/#primaryimage\"},\"thumbnailUrl\":\"http:\\\/\\\/generic.wordpress.soton.ac.uk\\\/ditchedenclosures\\\/wp-content\\\/blogs.dir\\\/sites\\\/71\\\/2015\\\/10\\\/Marroquies-ditch-wall-occupation_floor3.png\",\"datePublished\":\"2015-10-18T21:20:37+00:00\",\"dateModified\":\"2016-01-30T15:47:01+00:00\",\"description\":\"Neolithic ditched enclosures can include elements that go beyond the simple combination of ditches, banks or palisades. Knowlton Cicles are used as example.\",\"breadcrumb\":{\"@id\":\"http:\\\/\\\/generic.wordpress.soton.ac.uk\\\/ditchedenclosures\\\/what-is-a-ditched-enclosure\\\/neolithic-enclosures-other-elements-knowlton\\\/#breadcrumb\"},\"inLanguage\":\"en-GB\",\"potentialAction\":[{\"@type\":\"ReadAction\",\"target\":[\"http:\\\/\\\/generic.wordpress.soton.ac.uk\\\/ditchedenclosures\\\/what-is-a-ditched-enclosure\\\/neolithic-enclosures-other-elements-knowlton\\\/\"]}]},{\"@type\":\"ImageObject\",\"inLanguage\":\"en-GB\",\"@id\":\"http:\\\/\\\/generic.wordpress.soton.ac.uk\\\/ditchedenclosures\\\/what-is-a-ditched-enclosure\\\/neolithic-enclosures-other-elements-knowlton\\\/#primaryimage\",\"url\":\"http:\\\/\\\/generic.wordpress.soton.ac.uk\\\/ditchedenclosures\\\/wp-content\\\/blogs.dir\\\/sites\\\/71\\\/2015\\\/10\\\/Marroquies-ditch-wall-occupation_floor3.png\",\"contentUrl\":\"http:\\\/\\\/generic.wordpress.soton.ac.uk\\\/ditchedenclosures\\\/wp-content\\\/blogs.dir\\\/sites\\\/71\\\/2015\\\/10\\\/Marroquies-ditch-wall-occupation_floor3.png\"},{\"@type\":\"BreadcrumbList\",\"@id\":\"http:\\\/\\\/generic.wordpress.soton.ac.uk\\\/ditchedenclosures\\\/what-is-a-ditched-enclosure\\\/neolithic-enclosures-other-elements-knowlton\\\/#breadcrumb\",\"itemListElement\":[{\"@type\":\"ListItem\",\"position\":1,\"name\":\"Home\",\"item\":\"https:\\\/\\\/generic.wordpress.soton.ac.uk\\\/ditchedenclosures\\\/\"},{\"@type\":\"ListItem\",\"position\":2,\"name\":\"What is a Neolithic ditched enclosure?\",\"item\":\"https:\\\/\\\/generic.wordpress.soton.ac.uk\\\/ditchedenclosures\\\/what-is-a-ditched-enclosure\\\/\"},{\"@type\":\"ListItem\",\"position\":3,\"name\":\"Other elements at Neolithic ditched enclosures\"}]},{\"@type\":\"WebSite\",\"@id\":\"https:\\\/\\\/generic.wordpress.soton.ac.uk\\\/ditchedenclosures\\\/#website\",\"url\":\"https:\\\/\\\/generic.wordpress.soton.ac.uk\\\/ditchedenclosures\\\/\",\"name\":\"Enclosures in Neolithic Europe\",\"description\":\"\",\"potentialAction\":[{\"@type\":\"SearchAction\",\"target\":{\"@type\":\"EntryPoint\",\"urlTemplate\":\"https:\\\/\\\/generic.wordpress.soton.ac.uk\\\/ditchedenclosures\\\/?s={search_term_string}\"},\"query-input\":{\"@type\":\"PropertyValueSpecification\",\"valueRequired\":true,\"valueName\":\"search_term_string\"}}],\"inLanguage\":\"en-GB\"}]}<\/script>\n<!-- \/ Yoast SEO plugin. -->","yoast_head_json":{"title":"Other\u00a0 elements at Neolithic ditched enclosures - Knowlton","description":"Neolithic ditched enclosures can include elements that go beyond the simple combination of ditches, banks or palisades. Knowlton Cicles are used as example.","robots":{"index":"index","follow":"follow","max-snippet":"max-snippet:-1","max-image-preview":"max-image-preview:large","max-video-preview":"max-video-preview:-1"},"canonical":"http:\/\/generic.wordpress.soton.ac.uk\/ditchedenclosures\/what-is-a-ditched-enclosure\/neolithic-enclosures-other-elements-knowlton\/","og_locale":"en_GB","og_type":"article","og_title":"Other\u00a0 elements at Neolithic ditched enclosures - Knowlton","og_description":"Neolithic ditched enclosures can include elements that go beyond the simple combination of ditches, banks or palisades. Knowlton Cicles are used as example.","og_url":"http:\/\/generic.wordpress.soton.ac.uk\/ditchedenclosures\/what-is-a-ditched-enclosure\/neolithic-enclosures-other-elements-knowlton\/","og_site_name":"Enclosures in Neolithic Europe","article_modified_time":"2016-01-30T15:47:01+00:00","og_image":[{"url":"http:\/\/generic.wordpress.soton.ac.uk\/ditchedenclosures\/wp-content\/blogs.dir\/sites\/71\/2015\/10\/Marroquies-ditch-wall-occupation_floor3.png","type":"","width":"","height":""}],"twitter_card":"summary_large_image","twitter_misc":{"Estimated reading time":"4 minutes"},"schema":{"@context":"https:\/\/schema.org","@graph":[{"@type":"WebPage","@id":"http:\/\/generic.wordpress.soton.ac.uk\/ditchedenclosures\/what-is-a-ditched-enclosure\/neolithic-enclosures-other-elements-knowlton\/","url":"http:\/\/generic.wordpress.soton.ac.uk\/ditchedenclosures\/what-is-a-ditched-enclosure\/neolithic-enclosures-other-elements-knowlton\/","name":"Other\u00a0 elements at Neolithic ditched enclosures - Knowlton","isPartOf":{"@id":"https:\/\/generic.wordpress.soton.ac.uk\/ditchedenclosures\/#website"},"primaryImageOfPage":{"@id":"http:\/\/generic.wordpress.soton.ac.uk\/ditchedenclosures\/what-is-a-ditched-enclosure\/neolithic-enclosures-other-elements-knowlton\/#primaryimage"},"image":{"@id":"http:\/\/generic.wordpress.soton.ac.uk\/ditchedenclosures\/what-is-a-ditched-enclosure\/neolithic-enclosures-other-elements-knowlton\/#primaryimage"},"thumbnailUrl":"http:\/\/generic.wordpress.soton.ac.uk\/ditchedenclosures\/wp-content\/blogs.dir\/sites\/71\/2015\/10\/Marroquies-ditch-wall-occupation_floor3.png","datePublished":"2015-10-18T21:20:37+00:00","dateModified":"2016-01-30T15:47:01+00:00","description":"Neolithic ditched enclosures can include elements that go beyond the simple combination of ditches, banks or palisades. Knowlton Cicles are used as example.","breadcrumb":{"@id":"http:\/\/generic.wordpress.soton.ac.uk\/ditchedenclosures\/what-is-a-ditched-enclosure\/neolithic-enclosures-other-elements-knowlton\/#breadcrumb"},"inLanguage":"en-GB","potentialAction":[{"@type":"ReadAction","target":["http:\/\/generic.wordpress.soton.ac.uk\/ditchedenclosures\/what-is-a-ditched-enclosure\/neolithic-enclosures-other-elements-knowlton\/"]}]},{"@type":"ImageObject","inLanguage":"en-GB","@id":"http:\/\/generic.wordpress.soton.ac.uk\/ditchedenclosures\/what-is-a-ditched-enclosure\/neolithic-enclosures-other-elements-knowlton\/#primaryimage","url":"http:\/\/generic.wordpress.soton.ac.uk\/ditchedenclosures\/wp-content\/blogs.dir\/sites\/71\/2015\/10\/Marroquies-ditch-wall-occupation_floor3.png","contentUrl":"http:\/\/generic.wordpress.soton.ac.uk\/ditchedenclosures\/wp-content\/blogs.dir\/sites\/71\/2015\/10\/Marroquies-ditch-wall-occupation_floor3.png"},{"@type":"BreadcrumbList","@id":"http:\/\/generic.wordpress.soton.ac.uk\/ditchedenclosures\/what-is-a-ditched-enclosure\/neolithic-enclosures-other-elements-knowlton\/#breadcrumb","itemListElement":[{"@type":"ListItem","position":1,"name":"Home","item":"https:\/\/generic.wordpress.soton.ac.uk\/ditchedenclosures\/"},{"@type":"ListItem","position":2,"name":"What is a Neolithic ditched enclosure?","item":"https:\/\/generic.wordpress.soton.ac.uk\/ditchedenclosures\/what-is-a-ditched-enclosure\/"},{"@type":"ListItem","position":3,"name":"Other elements at Neolithic ditched enclosures"}]},{"@type":"WebSite","@id":"https:\/\/generic.wordpress.soton.ac.uk\/ditchedenclosures\/#website","url":"https:\/\/generic.wordpress.soton.ac.uk\/ditchedenclosures\/","name":"Enclosures in Neolithic Europe","description":"","potentialAction":[{"@type":"SearchAction","target":{"@type":"EntryPoint","urlTemplate":"https:\/\/generic.wordpress.soton.ac.uk\/ditchedenclosures\/?s={search_term_string}"},"query-input":{"@type":"PropertyValueSpecification","valueRequired":true,"valueName":"search_term_string"}}],"inLanguage":"en-GB"}]}},"jetpack_shortlink":"https:\/\/wp.me\/P6QUOS-3h","jetpack_sharing_enabled":true,"_links":{"self":[{"href":"https:\/\/generic.wordpress.soton.ac.uk\/ditchedenclosures\/wp-json\/wp\/v2\/pages\/203","targetHints":{"allow":["GET"]}}],"collection":[{"href":"https:\/\/generic.wordpress.soton.ac.uk\/ditchedenclosures\/wp-json\/wp\/v2\/pages"}],"about":[{"href":"https:\/\/generic.wordpress.soton.ac.uk\/ditchedenclosures\/wp-json\/wp\/v2\/types\/page"}],"author":[{"embeddable":true,"href":"https:\/\/generic.wordpress.soton.ac.uk\/ditchedenclosures\/wp-json\/wp\/v2\/users\/942"}],"replies":[{"embeddable":true,"href":"https:\/\/generic.wordpress.soton.ac.uk\/ditchedenclosures\/wp-json\/wp\/v2\/comments?post=203"}],"version-history":[{"count":27,"href":"https:\/\/generic.wordpress.soton.ac.uk\/ditchedenclosures\/wp-json\/wp\/v2\/pages\/203\/revisions"}],"predecessor-version":[{"id":832,"href":"https:\/\/generic.wordpress.soton.ac.uk\/ditchedenclosures\/wp-json\/wp\/v2\/pages\/203\/revisions\/832"}],"up":[{"embeddable":true,"href":"https:\/\/generic.wordpress.soton.ac.uk\/ditchedenclosures\/wp-json\/wp\/v2\/pages\/105"}],"wp:attachment":[{"href":"https:\/\/generic.wordpress.soton.ac.uk\/ditchedenclosures\/wp-json\/wp\/v2\/media?parent=203"}],"curies":[{"name":"wp","href":"https:\/\/api.w.org\/{rel}","templated":true}]}}